 7*b - 17. Let h be l(11). Suppose -4*i + h = -33. Is y(i) a composite number?
True
Is ((-888615)/52 - -11)*-4 a composite number?
False
Let c be (-1)/(-2) + (2655/2)/1. Let t be (c/(-6))/((-4)/6). Let z = -155 + t. Is z a prime number?
False
Let i(x) = x**3 + x**2 + 2*x + 5107. Let k = -607 + 607. Is i(k) composite?
False
Suppose -q - 3 = -u - 1, -5*q + 3*u = 2. Suppose 0 = -q*m - 6*m + 312. Suppose -m*b + 35*b = -56. Is b prime?
False
Let x be (7 - 165/25)/(1/30). Suppose 0 = x*b - b - 18931. Is b a composite number?
False
Let p = -517542 + 1013733. Is p composite?
True
Let c = 892348 - -357591. Is c a prime number?
True
Let v(q) = -77*q - 17. Let p(z) = -38*z - 9. Let y(u) = -7*p(u) + 4*v(u). Let k be y(-16). Suppose 2*t - k = -165. Is t composite?
False
Let y = 76269 - 10246. Is y prime?
False
Let w(q) be the third derivative of 2539*q**5/30 + 7*q**4/24 + q**3 - 2*q**2 - 21*q. Is w(-1) composite?
False
Suppose -9*w + 8 = -19. Is ((-348)/(-18))/(w + 230/(-78)) a composite number?
True
Suppose -3*f + 10281 = -3*y, 0 = -6*f + 5*f - 5*y + 3439. Suppose a = 3*o + 4*a - f, 5 = -5*a. Suppose 4*j + 108 = o. Is j prime?
False
Let k(b) = -470*b - 3133. Is k(-30) prime?
False
Let w(t) be the third derivative of -t**4/24 + 40*t**3 - 4*t**2. Let v be w(0). Let u = 494 - v. Is u composite?
True
Let r = 49 - 1070. Let x(w) = -55*w**3 + 2*w**2 + 2*w - 9. Let d be x(3). Let u = r - d. Is u a prime number?
True
Let g = 152356 + -48209. Is g a prime number?
True
Let v(z) = -6878*z - 89. Is v(-2) a composite number?
True
Let y(w) = -5*w - 4. Let v be y(-2). Suppose -9*p + 15 = -v*p. Suppose 36 = 3*k + 3*u, 0*k = 4*k - p*u - 75. Is k a composite number?
True
Let w = -15 - -11. Suppose 0 = -9*p + 4213 - 784. Is (w + (-39)/(-9))*p a prime number?
True
Let s = 1462 + -1456. Let x be (1684/2)/((-1)/(-2)). Suppose -3*t = 5*b - x, s*b = 5*b + 5. Is t a composite number?
True
Suppose -5*v + 2898463 + 439134 = 10112. Is v composite?
True
Let r(i) = 9851*i**2 - 59*i + 7. Is r(2) prime?
True
Let h(l) = 2199*l + 1308. Let b be h(-5). Suppose -2*x = -2*a + 6, a - 3*x + 2 = -1. Is (a + -8)*2/12*b a prime number?
True
Is 378962/10 + (-24)/(-30) composite?
False
Suppose -2*i + a = -3119, -13*i - 2*a + 7784 = -8*i. Let w = 2199 - i. Is w composite?
False
Suppose -225*l + 1576498 = -71*l. Is l prime?
False
Let k be (-42 - -44)/(2/34). Suppose k*q - 1461 = -d + 30*q, -q + 4383 = 3*d. Is d a composite number?
True
Let r = 2514 + 329. Is r a composite number?
False
Let q = 255 + -251. Let n(v) be the first derivative of v**4 - v**2 - 11*v - 11. Is n(q) composite?
True
Suppose 0 = -199*j + 169*j - 81448 + 657058. Is j a prime number?
False
Let d be (-7 - -6)*3/(-1). Let t(j) = 5*j**2 + 9*j**3 + 6*j**3 + d + 2*j**3 - 6*j + 8*j**3. Is t(2) composite?
False
Let y(x) = -2*x**3 - 46*x**2 + x + 27. Let b be y(-23). Suppose 0 = b*w + 12, -32*m - 736 = -33*m - 5*w. Is m a prime number?
True
Let r = 74207 + 46562. Is r composite?
True
Let s(m) = m**3 - m + 5. Let x be s(0). Let j be 82/(-656) - ((-5017)/8 - -1). Is j*1 + (x - 8) a prime number?
False
Is (9168/(-72))/(14/(-357)) a composite number?
True
Let g(l) = 6*l**2 + 12*l. Let z be (8/(-16))/((-1)/(-20)). Let x be g(z). Let n = 887 - x. Is n composite?
True
Let v = -44 + 48. Suppose 9 = -z + v*z. Suppose 0 = z*a + o - 1586, 4*a = -4*o + 500 + 1612. Is a a composite number?
True
Is (-6)/(-3) - 13 - (-5552192)/8 composite?
True
Let p = 89 - 93. Let y(w) = -16*w + 21. Let q(u) = -47*u + 64. Let f(n) = 6*q(n) - 17*y(n). Is f(p) composite?
False
Suppose -55*x - 381392 = -59*x + 4*m, -m = 7. Is x a prime number?
False
Let b(u) = -u**2 - 2*u + 348. Let q = 26 + -26. Let o be b(q). Let a = o - -83. Is a composite?
False
Let j be ((-32)/(-40))/(4/10). Suppose 0 = 3*a + 5*w - 9902, 3319 = a - 0*w - j*w. Is a a prime number?
False
Suppose -b = 2*u + 1257, -5*u - 3140 = -0*u + 2*b. Let k = 1818 + u. Suppose -3*y + 3583 = -4*m, -5*y + k = -4*y + m. Is y prime?
True
Let h = -3530 - -2490. Let s = 437 - h. Let n = s - 936. Is n prime?
True
Let k(l) = -l**2 - 14*l - 4. Let d be k(-14). Is d/1 + 48/(-8) + 1208 a prime number?
False
Suppose 0 = 27*t + 17*t - 21278532. Is t composite?
True
Let g(l) = l**3 - 2*l**2. Let n be g(2). Let f(u) = 1065 + 251 - 7*u + u**2 + 30*u + 273 - 17*u. Is f(n) a composite number?
True
Suppose -3*v = -21 + 12. Let i(j) = 733*j + 22. Is i(v) a prime number?
True
Let i(q) = q**3 + q + 2. Let t be i(-2). Let w be (-20517)/14*t/(-3). Is (11/(-22))/(2/w) composite?
False
Let v = -69 - -72. Suppose x = -4*k - 0*k + 10, 3*k = -v*x + 12. Suppose o - x*b - 895 = 0, b - 1775 = -3*o + o. Is o composite?
True
Suppose -6 = g + g. Let o be 1 - (-3)/(90/(-32) - g). Is (-24)/(-8) + o*2 composite?
False
Let d = 263543 + -147723. Suppose -41*m + d = -21*m. Is m prime?
True
Suppose -5*i - 3*m + 5373 = 18100, -2*m = -2. Let f = i + 4953. Is f prime?
False
Let v = 10 + -5. Suppose 26*m + 28*m = 270. Suppose -5*k + 9581 = 2*l, -m*k + v*l = -3568 - 5992. Is k prime?
False
Suppose 0 = -k + 6*k - 30. Suppose 2*g = k*g + 16. Is (-1262)/g*12/6 a composite number?
False
Suppose 9 = 8*g + g. Let x be 4680/(-16) + g/2. Let z = x + 419. Is z prime?
True
Suppose 5*j + 89293 = -9*j + 518127. Is j prime?
True
Suppose 2*h = 3*m - 7, -4*m - 3*h = -4*h - 11. Let o = 1990 - 200. Suppose m*x - x - o = 0. Is x a prime number?
False
Is -73 - -65 - 1*-10377 a composite number?
False
Suppose -4*y - 532662 = -2*v, 22*v + 4*y - 532670 = 20*v. Is v a composite number?
False
Suppose -5*l + 311 = 2*k, k + 6*l = 10*l + 175. Let f = k + 468. Is f prime?
True
Suppose -21*j + 24*j = 2*v + 1143513, v + 1524674 = 4*j. Is j a composite number?
False
Suppose -4*o = k - 2664336, -2*o + 1332148 = -4551*k + 4549*k. Is o a prime number?
False
Suppose 18*z - 41003 = -593. Suppose -22*o + 17*o + z = 0. Is o composite?
False
Let j(x) = -3*x + 24022. Let l(g) = 3*g + 1. Let u(o) = j(o) - 3*l(o). Is u(0) a composite number?
False
Let t(x) = -402*x + 95. Let l be ((-675)/(-108))/(2/(-8)). Is t(l) prime?
False
Suppose -34*n + 4255768 = 28*n - 3690462. Is n a prime number?
False
Suppose -2*a = -2, -m + 1267 = 3*a + 221. Let v = 1678 - m. Is v prime?
False
Suppose 6*a - 8 = 2*a. Let p(c) = -a - 3*c + c - 9*c. Is p(-17) prime?
False
Let s = -18744 + 43931. Suppose 25203 = 5*f - 4*u, -3*f + 4*u - s = -8*f. Is f composite?
False
Suppose -3 = -17*p + 16*p. Suppose 6 = -p*i + 5*i. Suppose -1675 = -4*m + i*f, -4*f + 3 = 4*m - 1637. Is m composite?
True
Suppose -2*v - 4*v = -60. Is (-4)/v + 14378/70 a prime number?
False
Suppose p = 3*o + 5513, -5*p + 0*o = o - 27597. Is p + -3 + -3 + 6 composite?
False
Let s = -83 + 92. Let f(b) = -b**2 + b. Let o(l) = 10*l**2 - 7*l + 14. Let k(p) = 6*f(p) + o(p). Is k(s) a composite number?
True
Suppose -d - d - 5*t = -92, 4*d = -4*t + 196. Suppose d*s = 24*s + 254637. Is s composite?
False
Suppose 3*b = b - b. Suppose b = 3*s - 3*m + 2205, -2*s - 5*m - 1413 = 50. Let j = -193 - s. Is j prime?
True
Suppose -x - 15 = -0*l - 5*l, 0 = -4*x + 5*l - 15. Suppose x = -14*q + 26*q - 29508. Is q composite?
False
Suppose 3*g - 4*t - 5202 = -7*t, -4 = 4*t. Is g composite?
True
Suppose -5*i = -4*i + 4*h - 133033, -2*i + 4*h + 266006 = 0. Is i a composite number?
False
Let t = -4499 - -1668. Let u = -1846 - t. Is u composite?
True
Let x(v) = 175*v + 2. Let k(y) = 6*y + 61. Let z be k(-10). Is x(z) a prime number?
False
Let s = 121 - 118. Suppose -10161 = -s*m - 5*a, 13*m - 2*a + 10161 = 16*m. Is m prime?
False
Let d(v) = -v**2 + 34*v - 28. Suppose 10 = 8*r - 30. Suppose r*o + 4*q + 7 - 62 = 0, -2*q - 85 = -5*o. Is d(o) a composite number?
False
Let f(z) be the third derivative of -z**6/30 - 3*z**5/20 + 5*z**4/4 + 2*z**3/3 + 3*z**2. Is f(-13) prime?
False
Let j(q) = 27*q - 9. Let r be j(-3). Let h be (324/r)/(2/180). Let t = h + 1253. Is t a composite number?
False
Let j = -15585 - -25664. Is j prime?
True
Let i = -14 + 17. Suppose 2*d - 498 = -4*o, -i*o = -0*d + d - 373. Suppose 0 = 2*v + 5*r - o, -2*v - r - 136 = -4*v. Is v a composite number?
False
Is (-16 - 528/(-22)) + 1 + 216500 a composite number?
False
Suppose 2*y = 3*d + 11, 3*d + 10 = 3*y - 5. Is y/(-30) + 77656/120 a composite number?
False
Suppose -140*x = -198*x + 15763994. Is x prime?
False
Suppose -555909